6. Let k be o(s). Suppose 5*z - k*y = -y + 145, -87 = -3*z - 4*y. Calculate the greatest common divisor of 58 and z.
29
Suppose -30*i - 121 = -361. Let v be i + -14 - 176/(-2). What is the greatest common divisor of 656 and v?
82
Let s be 24/14 + 6/21. Suppose -25*m - 22*m = -94. What is the greatest common factor of m and s?
2
Suppose -4*i = 74 + 766. Let t = 306 + i. Let p(x) = -x**3 - 14*x**2 - 2*x - 16. Let n be p(-14). Calculate the greatest common divisor of t and n.
12
Let r be (-8)/(-3 + 5) - 394/(-2). Let n = r + -128. Calculate the greatest common divisor of 65 and n.
65
Suppose -5*p + 1125 = 4*p. Let s be (-2)/2 + 52/2. What is the greatest common divisor of s and p?
25
Suppose 2*z - 4 = 0, 2*x + 3*z - 51 = -3*x. Suppose -3120 = -46*l + 43*l - 4*c, -c - 1047 = -l. Calculate the highest common factor of x and l.
9
Suppose 3*q - 3*c - 11970 = 0, 2537 = 3*q - 5*c - 9421. What is the highest common divisor of q and 135?
27
Let p be -11 + (0 + -4 - -5) - -1. Let w(y) = -y**3 - 4*y**2 + 39*y + 9. Let z be w(p). Calculate the greatest common divisor of z and 27.
9
Let q = 34 + -96. Let c(h) = h**2 - 3*h + 38. Let k be c(7). Let a = k + q. What is the highest common factor of a and 36?
4
Let t = 39 + -39. Suppose -3*l - 4*l + 63 = t. Suppose -36 = l*h - 10*h. Calculate the greatest common divisor of h and 324.
36
Suppose 5*b = 2*b + 18. Suppose 17*x = 24*x - 35. Suppose -t + b = 5*s - x, -4*s - 8 = 5*t. Calculate the greatest common factor of 27 and s.
3
Let q = 18574 + -18483. Calculate the highest common divisor of 280 and q.
7
Let g(c) = -5*c + 8. Let f be g(-8). Let m be (3/9)/1*f. Suppose m*k = 13*k + 18. Calculate the highest common divisor of 48 and k.
6
Let t be 4/156*7959 + 10/(-130). What is the highest common factor of t and 420?
12
Let m(p) = p**3 + 8*p**2 - 2*p - 67. Let h be m(-7). Let t(a) = -4*a**3 - 3*a**2 - 6*a + 8. Let l be t(h). Calculate the greatest common factor of l and 80.
80
Let t = -1014061 - -1014072. Let x be ((-1606)/(-6))/((-2)/(-6)). What is the highest common factor of t and x?
11
Suppose -3*a = -61 + 19. Suppose 34 = 2*h + 4*s, -412*s + 416*s + 8 = 0. What is the greatest common factor of h and a?
7
Let g(q) = -8771*q - 3787. Let s be g(-2). Calculate the highest common factor of 131 and s.
131
Let b be (-1)/2 + 53/2. Suppose 2533*f - 4904*f = -2442*f + 53534. What is the greatest common divisor of f and b?
26
Suppose 8*j + 1046 = -394. Let y = 188 + j. Calculate the greatest common divisor of y and 8.
8
Let y = 110 - 108. Suppose -3*j = -4*b - 326, 7*j - y*j - 551 = -b. What is the greatest common divisor of 22 and j?
22
Let x = -765 + 21. Let r be x/(-144)*3*2. What is the greatest common factor of r and 992?
31
Suppose 4*m - 2*c = 378, -98*m - 441 = -103*m - 2*c. Calculate the highest common divisor of m and 4225.
13
Let r(d) = 40*d - 3428. Let y be r(89). What is the highest common divisor of y and 7689?
33
Suppose -7*x + 5*x - 1106 = 0. Let p = -388 - x. Let f be (-6)/(-4) - 162/(-12). What is the greatest common divisor of p and f?
15
Suppose 5*w - 12189 - 5556 = -5490. What is the highest common factor of w and 399?
57
Let m(q) = q + 53. Let r(l) = -l - 53. Let t(a) = -6*m(a) - 7*r(a). Let g be t(11). What is the greatest common divisor of 288 and g?
32
Let f be (8 + -12)*(-5 + 1). Suppose -6*h = -f - 8. Let z(c) = -c**2 - 2*c + 9. Let p be z(-4). Calculate the greatest common factor of h and p.
1
Let g(d) = -2*d**2 - 164*d - 1158. Let y be g(-73). Calculate the greatest common factor of y and 48.
12
Suppose -i = -g - 13, 0*g + 3*g = -3*i + 63. Let r = -47 - -58. Suppose -r = -2*h + 57. Calculate the highest common divisor of i and h.
17
Suppose -75*s = -79*s + w + 26844, 0 = 4*s - 4*w - 26856. What is the highest common factor of s and 220?
110
Let f(r) = r**3 - 10*r**2 + 6*r + 38. Let w be f(11). What is the highest common divisor of w and 990?
45
Let d be ((-6)/(-15)*5)/(-1) - -2. Suppose r = 2*l - l + 5, 5*l + 5 = d. Let h(w) = -4*w + 2. Let g be h(-2). What is the greatest common divisor of r and g?
2
Suppose -2*f = -4*f + 4*v + 68, -3*f + 2*v + 98 = 0. Let n = -20 - -23. Suppose -3*t - n = -27. What is the greatest common divisor of f and t?
8
Let u = -23745 - -39592. Calculate the highest common divisor of u and 299.
299
Let j = 244 - 250. Let w be 2/(-1) + (j - -41). Suppose -2*t = 3 - 9. Calculate the highest common divisor of t and w.
3
Let i be -20 + 16 - (0 - 4) - -133. Suppose i + 77 = 10*a. What is the greatest common factor of 9 and a?
3
Let r(i) = i**2 + 2*i + 16. Suppose -5*j + 4*n = 0, -3 - 20 = 2*j + 3*n. Let p be r(j). Calculate the greatest common factor of p and 12.
12
Let n = -82 + 139. Calculate the highest common divisor of 38 and n.
19
Let s = -717 + 1527. Calculate the highest common factor of s and 450.
90
Suppose -152 = -12*m + 4*m. Suppose 10 = -14*k + m*k. Suppose k*i - 60 = -44. Calculate the greatest common factor of i and 40.
8
Let t(p) = -2*p**2 - 22*p - 12. Let n be t(-5). Suppose -n = -5*r + 152. Calculate the highest common divisor of 50 and r.
10
Suppose 22*o - 26*o + 278 = 5*d, 0 = -o + 5*d + 82. Calculate the greatest common divisor of 456 and o.
24
Let z(x) = -24*x**2 + 473*x + 47. Let j be z(17). Calculate the greatest common factor of j and 684.
36
Let d = 186 + -131. Let q be (-8)/38 - (-242178)/6878. Calculate the greatest common divisor of d and q.
5
Suppose 2*p - 898 = -5*z - 0*p, p = -1. Let m be ((-70)/(1 - 8))/((-2)/8*-2). Calculate the greatest common divisor of m and z.
20
Let r(q) = 639*q - 1884. Let i be r(6). Calculate the greatest common divisor of i and 25.
25
Let z(u) = 17*u + 24. Let h be z(1). Let m(q) = -q**2 + 41*q + 13. Let a be m(h). Let f be 724/14 - 4/(-14). What is the greatest common divisor of f and a?
13
Let g be (-278)/973*(-54362)/4. Calculate the highest common divisor of g and 44.
11
Let s be (6*(-9)/6)/(4 + 75/(-18)). Let d be 4/14 - 340/(-35). Calculate the greatest common factor of s and d.
2
Let x = -3807 - -7132. What is the highest common divisor of x and 525?
175
Let w = 1470 + -955. Calculate the greatest common factor of w and 25.
5
Let p = -4272 - -4328. What is the greatest common factor of 40 and p?
8
Let s be 2/(12 + (-25)/2) + 1988. Calculate the highest common divisor of s and 704.
64
Suppose 0 = 456*l - 468*l + 480. Suppose -3*z + 8*z = 25, 3*z = -4*x + 111. What is the greatest common factor of l and x?
8
Let u = -6849 - -6927. What is the highest common factor of 5226 and u?
78
Let f(p) = 283*p + 1140. Let b be f(-4). Calculate the highest common factor of 2656 and b.
8
Let q = 39 - 37. Suppose -2*o - 2*z + 97 = -1, -q*z = -5*o + 217. Let n be -4*(1 - 4)*o/27. What is the highest common factor of n and 8?
4
Suppose -5764 + 31230 = 85*o - 19414. Calculate the highest common divisor of o and 726.
66
Let q(f) = -6*f - 21. Let z be q(-5). Suppose -4*n = -2*k - 500, -5*k + 7*k = 0. Let c be n/75 - (-4)/3. Calculate the highest common factor of c and z.
3
Suppose 112*g - 3*q + 278 = 114*g, 5*g + 4*q = 674. Calculate the greatest common factor of g and 78.
26
Let n be (-9 - -3)/((-6)/8). Suppose 0 = -0*i - 4*i - 5*x + 284, n = -2*x. What is the highest common factor of 57 and i?
19
Let x = 46 + -37. Let o(v) = 9*v + 4*v**2 - x*v + 4*v - 3. Let k be o(5). Calculate the highest common factor of 13 and k.
13
Suppose -x + 4909 + 14832 = -q, 0 = 4*x + 2*q - 78934. What is the greatest common divisor of 8 and x?
8
Suppose -4*g = -5*l - 8, -g - 2*l - 8 = -5*g. Let a(h) = 2813*h + 4. Let w be a(g). Let n be w/40 - (-3)/8*-2. Calculate the greatest common factor of 35 and n.
35
Suppose 5864 = 4*y - 7820. Calculate the greatest common factor of 11 and y.
11
Suppose 0*z - 152 = 4*z. Let h(r) = 45*r + 93. Let j be h(-2). Let c be (-2)/(j + z/12). What is the greatest common divisor of 84 and c?
12
Suppose 24 = -148*l + 151*l - 54. Suppose 0 = -2*d + 3*s + 18, d - 4 = s + 3*s. Let k be -52*6*(-9)/d. What is the greatest common divisor of l and k?
26
Suppose -1630 - 1026 = -4*s + 2*w, -2*s - w + 1332 = 0. What is the greatest common divisor of 399 and s?
133
Let b = -1299 + 1302. Let s = -134 + 161. What is the highest common factor of b and s?
3
Let f be (14/21)/((-164)/156 + 1). Let l be (12/5)/(((-156)/360)/f). What is th